{"id":768,"date":"2022-02-23T21:06:07","date_gmt":"2022-02-23T21:06:07","guid":{"rendered":"https:\/\/startersites.io\/stagingfour\/?page_id=768"},"modified":"2026-01-15T15:53:53","modified_gmt":"2026-01-15T14:53:53","slug":"about-us","status":"publish","type":"page","link":"https:\/\/valseg.es\/?page_id=768","title":{"rendered":"Nosotros"},"content":{"rendered":"\n<div class=\"wp-block-stackable-columns stk-block-columns stk-block stk-2eb7c05\" data-block-id=\"2eb7c05\"><style>.stk-2eb7c05 {margin-bottom:138px !important;}<\/style><div class=\"stk-row stk-inner-blocks stk-block-content stk-content-align stk-2eb7c05-column\">\n<div class=\"wp-block-stackable-column stk-block-column stk-column stk-block stk-92f438d\" data-v=\"4\" data-block-id=\"92f438d\"><style>@media screen and (min-width:690px){.stk-92f438d {flex:var(--stk-flex-grow, 1) 1 66.7% !important;}}<\/style><div class=\"stk-column-wrapper stk-block-column__content stk-container stk-92f438d-container stk--no-background stk--no-padding\"><div class=\"stk-block-content stk-inner-blocks stk-92f438d-inner-blocks\">\n<div class=\"wp-block-stackable-heading stk-block-heading stk-block-heading--v2 stk-block stk-fb18a18\" id=\"profesionales-en-seguridad-electronica-en-la-comunidad-valenciana\" data-block-id=\"fb18a18\"><h1 class=\"stk-block-heading__text\">Profesionales en seguridad electronica en la comunidad valenciana<\/h1><\/div>\n\n\n\n<div class=\"wp-block-stackable-text stk-block-text stk-block stk-981574e\" data-block-id=\"981574e\"><style>.stk-981574e {margin-bottom:39px !important;}<\/style><p class=\"stk-block-text__text\"><\/p><\/div>\n\n\n\n<div class=\"wp-block-stackable-call-to-action stk-block-call-to-action stk-block stk-19fa75d is-style-default\" data-v=\"2\" data-block-id=\"19fa75d\"><style>.stk-19fa75d-container{background-color:#141416 !important;}.stk-19fa75d-container:before{background-color:#141416 !important;}<\/style><div class=\"stk-block-call-to-action__content stk-content-align stk-19fa75d-column stk-container stk-19fa75d-container stk-hover-parent\"><div class=\"has-text-align-center stk-block-content stk-inner-blocks stk-19fa75d-inner-blocks\">\n<div class=\"wp-block-stackable-text stk-block-text stk-block stk-de24e13\" data-block-id=\"de24e13\"><style>.stk-de24e13 .stk-block-text__text{color:#fffffe !important;}<\/style><p class=\"stk-block-text__text has-text-color has-text-align-left\">En VALSEG Seguridad somos especialistas en seguridad electr\u00f3nica en la Comunidad Valenciana, ofreciendo instalaci\u00f3n y mantenimiento de sistemas de seguridad para hogares y negocios. Trabajamos con un trato cercano y personalizado, dise\u00f1ando soluciones en alarmas y c\u00e1maras de videovigilancia adaptadas a cada espacio, con acompa\u00f1amiento profesional antes, durante y despu\u00e9s de cada instalaci\u00f3n<\/p><\/div>\n\n\n\n<div class=\"wp-block-stackable-button-group stk-block-button-group stk-block stk-c73a88a\" data-block-id=\"c73a88a\"><div class=\"stk-row stk-inner-blocks stk-block-content stk-button-group\">\n<div class=\"wp-block-stackable-button stk-block-button stk-block stk-776a1b7\" data-block-id=\"776a1b7\"><style>.stk-776a1b7 {margin-top:var(--stk--preset--spacing--none, 0px) !important;margin-right:var(--stk--preset--spacing--none, 0px) !important;}.stk-776a1b7 .stk-button{background:#0573e6 !important;}<\/style><a class=\"stk-link stk-button stk--hover-effect-darken\" href=\"\"><span class=\"stk-button__inner-text\">QUIERO SAB\u00c9R M\u00c1S<\/span><\/a><\/div>\n<\/div><\/div>\n<\/div><\/div><\/div>\n<\/div><\/div><\/div>\n\n\n\n<div class=\"wp-block-stackable-column stk-block-column stk-column stk-block stk-94cf138\" data-v=\"4\" data-block-id=\"94cf138\"><style>@media screen and (min-width:690px){.stk-94cf138 {flex:var(--stk-flex-grow, 1) 1 33.3% !important;}}<\/style><div class=\"stk-column-wrapper stk-block-column__content stk-container stk-94cf138-container stk--no-background stk--no-padding\"><div class=\"stk-block-content stk-inner-blocks stk-94cf138-inner-blocks\">\n<div class=\"wp-block-stackable-image alignfull stk-block-image stk-block stk-de5d9a0\" data-block-id=\"de5d9a0\"><style>.stk-de5d9a0 {opacity:0.4 !important;}.stk-de5d9a0 .stk-img-wrapper{width:100% !important;height:435px !important;--stk-gradient-overlay:0.5 !important;}<\/style><figure><span class=\"stk-img-wrapper stk-image--shape-stretch\"><img fetchpriority=\"high\" decoding=\"async\" class=\"stk-img wp-image-49\" src=\"https:\/\/valseg.es\/wp-content\/uploads\/2025\/12\/cropped-LOGO-PARA-INSTAGRAM.jpg\" width=\"512\" height=\"512\" srcset=\"https:\/\/valseg.es\/wp-content\/uploads\/2025\/12\/cropped-LOGO-PARA-INSTAGRAM.jpg 512w, https:\/\/valseg.es\/wp-content\/uploads\/2025\/12\/cropped-LOGO-PARA-INSTAGRAM-300x300.jpg 300w, https:\/\/valseg.es\/wp-content\/uploads\/2025\/12\/cropped-LOGO-PARA-INSTAGRAM-150x150.jpg 150w, https:\/\/valseg.es\/wp-content\/uploads\/2025\/12\/cropped-LOGO-PARA-INSTAGRAM-270x270.jpg 270w, https:\/\/valseg.es\/wp-content\/uploads\/2025\/12\/cropped-LOGO-PARA-INSTAGRAM-192x192.jpg 192w, https:\/\/valseg.es\/wp-content\/uploads\/2025\/12\/cropped-LOGO-PARA-INSTAGRAM-180x180.jpg 180w, https:\/\/valseg.es\/wp-content\/uploads\/2025\/12\/cropped-LOGO-PARA-INSTAGRAM-32x32.jpg 32w\" sizes=\"(max-width: 512px) 100vw, 512px\" \/><\/span><\/figure><\/div>\n<\/div><\/div><\/div>\n<\/div><\/div>\n\n\n\n<div class=\"wp-block-stackable-columns stk-block-columns stk-block stk-2976898 stk-block-background\" data-block-id=\"2976898\"><style>.stk-2976898 .stk--block-align-2976898{align-items:center !important;}.stk-2976898 {background-color:var(--theme-palette-color-8, #1f1f1f) !important;border-radius:8px !important;padding-top:0px !important;padding-right:35px !important;padding-bottom:0px !important;padding-left:90px !important;margin-bottom:0px !important;overflow:visible !important;}.stk-2976898:before{background-color:var(--theme-palette-color-8, #1f1f1f) !important;}.stk-2976898 .stk-container{overflow:visible !important;}@media screen and (max-width:999px){.stk-2976898 {padding-right:35px !important;padding-left:35px !important;}}@media screen and (max-width:689px){.stk-2976898-column{row-gap:0px !important;}}<\/style><div class=\"stk-row stk-inner-blocks stk--block-align-2976898 stk-block-content stk-content-align stk-2976898-column\">\n<div class=\"wp-block-stackable-column stk-block-column stk-column stk-block stk-86db01b\" data-v=\"4\" data-block-id=\"86db01b\"><style>.stk-86db01b-container{margin-top:0px !important;margin-right:0px !important;margin-bottom:0px !important;margin-left:0px !important;}.stk-86db01b {padding-top:60px !important;padding-bottom:60px !important;margin-top:0px !important;margin-right:0px !important;margin-bottom:0px !important;margin-left:0px !important;}@media screen and (max-width:999px){.stk-86db01b {padding-top:35px !important;padding-bottom:35px !important;}}<\/style><div class=\"stk-column-wrapper stk-block-column__content stk-container stk-86db01b-container stk--no-background stk--no-padding\"><div class=\"has-text-align-center-mobile stk-block-content stk-inner-blocks stk-86db01b-inner-blocks\">\n<div class=\"wp-block-stackable-heading stk-block-heading stk-block-heading--v2 stk-block stk-145e7f7\" id=\"asesoramiento-especial\" data-block-id=\"145e7f7\"><style>.stk-145e7f7 {margin-bottom:30px !important;}.stk-145e7f7 .stk-block-heading__text{font-size:var(--stk--preset--font-size--x-large, 50px) !important;color:#26c8ec !important;line-height:1em !important;font-weight:800 !important;}@media screen and (max-width:999px){.stk-145e7f7 .stk-block-heading__text{font-size:30px !important;}}<\/style><h2 class=\"stk-block-heading__text has-text-color\">Asesoramiento especial<\/h2><\/div>\n\n\n\n<div class=\"wp-block-stackable-text stk-block-text stk-block stk-c84b1d7\" data-block-id=\"c84b1d7\"><style>.stk-c84b1d7 {margin-bottom:35px !important;}.stk-c84b1d7 .stk-block-text__text{color:var(--theme-palette-color-4, #ffffff) !important;}<\/style><p class=\"stk-block-text__text has-text-color has-palette-color-4-color\">No te conformes con empresas que solo ofrecen un tel\u00e9fono com\u00fan o respuestas autom\u00e1ticas. En VALSEG Seguridad, cada cliente en la Comunidad Valenciana es \u00fanico, y lo atendemos de manera personalizada y directa, acompa\u00f1\u00e1ndote en todo el proceso de instalaci\u00f3n y seguridad.<\/p><\/div>\n\n\n\n<p class=\"has-pale-cyan-blue-color has-text-color has-link-color wp-elements-39f2dd610e64dfad1ba06ffafdd8316d\">BIENVENIDO A VALSEG<\/p>\n\n\n\n\n\n<div class=\"wp-block-stackable-button-group stk-block-button-group stk-block stk-bc95f5b\" data-block-id=\"bc95f5b\"><style>.stk-bc95f5b {margin-bottom:0px !important;}@media screen and (max-width:689px){.stk-bc95f5b .stk-button-group{align-items:flex-start !important;}.stk-bc95f5b {display:flex !important;}}<\/style><div class=\"stk-row stk-inner-blocks has-text-align-center-mobile stk-block-content stk-button-group\">\n<div class=\"wp-block-stackable-button stk-block-button stk-block stk-f1e52d1\" data-block-id=\"f1e52d1\"><style>.stk-f1e52d1 .stk-button{padding-top:2px !important;padding-right:21px !important;padding-bottom:1px !important;padding-left:11px !important;background:linear-gradient(-225deg, #473B7B 0%, #3584A7 51%, #30D2BE 100%) !important;border-top-left-radius:8px !important;border-top-right-radius:8px !important;border-bottom-right-radius:8px !important;border-bottom-left-radius:8px !important;}.stk-f1e52d1 .stk-button:before{border-color:#1c658a !important;border-top-width:2px !important;border-right-width:2px !important;border-bottom-width:2px !important;border-left-width:2px !important;}.stk-f1e52d1 .stk-button .stk--inner-svg svg:last-child{height:44px !important;width:44px !important;}.stk-f1e52d1 .stk-button__inner-text{font-size:32px !important;font-weight:bold !important;text-transform:uppercase !important;}@media screen and (max-width:999px){.stk-f1e52d1 .stk-button__inner-text{font-size:32px !important;}}@media screen and (max-width:689px){.stk-f1e52d1 {max-width:1338px !important;min-width:auto !important;margin-right:auto !important;margin-left:auto !important;opacity:1 !important;}.stk-f1e52d1 .stk-button{min-height:0px !important;padding-top:var(--stk--preset--spacing--20, 0.44rem) !important;padding-right:var(--stk--preset--spacing--30, 0.67rem) !important;padding-bottom:var(--stk--preset--spacing--20, 0.44rem) !important;padding-left:var(--stk--preset--spacing--30, 0.67rem) !important;}.stk-f1e52d1 .stk-button .stk--inner-svg svg:last-child{height:28px !important;width:28px !important;}.stk-f1e52d1 .stk-button__inner-text{font-size:var(--stk--preset--font-size--small, 13px) !important;}}<\/style><a class=\"stk-link stk-button stk--hover-effect-darken\" href=\"#\"><span class=\"stk--svg-wrapper\"><div class=\"stk--inner-svg\"><svg xmlns=\"http:\/\/www.w3.org\/2000\/svg\" viewBox=\"0 0 448 512\" aria-hidden=\"true\" width=\"32\" height=\"32\"><path d=\"M380.9 97.1C339 55.1 283.2 32 223.9 32c-122.4 0-222 99.6-222 222 0 39.1 10.2 77.3 29.6 111L0 480l117.7-30.9c32.4 17.7 68.9 27 106.1 27h.1c122.3 0 224.1-99.6 224.1-222 0-59.3-25.2-115-67.1-157zm-157 341.6c-33.2 0-65.7-8.9-94-25.7l-6.7-4-69.8 18.3L72 359.2l-4.4-7c-18.5-29.4-28.2-63.3-28.2-98.2 0-101.7 82.8-184.5 184.6-184.5 49.3 0 95.6 19.2 130.4 54.1 34.8 34.9 56.2 81.2 56.1 130.5 0 101.8-84.9 184.6-186.6 184.6zm101.2-138.2c-5.5-2.8-32.8-16.2-37.9-18-5.1-1.9-8.8-2.8-12.5 2.8-3.7 5.6-14.3 18-17.6 21.8-3.2 3.7-6.5 4.2-12 1.4-32.6-16.3-54-29.1-75.5-66-5.7-9.8 5.7-9.1 16.3-30.3 1.8-3.7.9-6.9-.5-9.7-1.4-2.8-12.5-30.1-17.1-41.2-4.5-10.8-9.1-9.3-12.5-9.5-3.2-.2-6.9-.2-10.6-.2-3.7 0-9.7 1.4-14.8 6.9-5.1 5.6-19.4 19-19.4 46.3 0 27.3 19.9 53.7 22.6 57.4 2.8 3.7 39.1 59.7 94.8 83.8 35.2 15.2 49 16.5 66.6 13.9 10.7-1.6 32.8-13.4 37.4-26.4 4.6-13 4.6-24.1 3.2-26.4-1.3-2.5-5-3.9-10.5-6.6z\"\/><\/svg><\/div><\/span><span class=\"stk-button__inner-text\">ASES\u00d3RAME<\/span><\/a><\/div>\n<\/div><\/div>\n<\/div><\/div><\/div>\n\n\n\n<div class=\"wp-block-stackable-column stk-block-column stk-column stk-block stk-f2831ff\" data-v=\"4\" data-block-id=\"f2831ff\"><style>.stk-f2831ff-container{margin-top:0px !important;margin-right:0px !important;margin-bottom:0px !important;margin-left:0px !important;}.stk-f2831ff {align-self:flex-end !important;padding-top:0px !important;padding-right:0px !important;padding-bottom:0px !important;padding-left:0px !important;margin-top:-100px !important;margin-bottom:0px !important;}@media screen and (max-width:999px){.stk-f2831ff {margin-top:0px !important;}}<\/style><div class=\"stk-column-wrapper stk-block-column__content stk-container stk-f2831ff-container stk--no-background stk--no-padding\"><div class=\"stk-block-content stk-inner-blocks stk-f2831ff-inner-blocks\">\n<figure class=\"wp-block-image size-large has-custom-border\" style=\"margin-top:0;margin-bottom:0\"><img decoding=\"async\" width=\"819\" height=\"1024\" src=\"https:\/\/valseg.es\/wp-content\/uploads\/2026\/01\/ALAN-LUCAS-IMAGEN-SIN-FONDO-2-819x1024.webp\" alt=\"\" class=\"wp-image-2102\" style=\"border-style:none;border-width:0px;border-top-left-radius:31px;border-top-right-radius:31px;border-bottom-left-radius:31px;border-bottom-right-radius:31px\" srcset=\"https:\/\/valseg.es\/wp-content\/uploads\/2026\/01\/ALAN-LUCAS-IMAGEN-SIN-FONDO-2-819x1024.webp 819w, https:\/\/valseg.es\/wp-content\/uploads\/2026\/01\/ALAN-LUCAS-IMAGEN-SIN-FONDO-2-240x300.webp 240w, https:\/\/valseg.es\/wp-content\/uploads\/2026\/01\/ALAN-LUCAS-IMAGEN-SIN-FONDO-2-768x960.webp 768w, https:\/\/valseg.es\/wp-content\/uploads\/2026\/01\/ALAN-LUCAS-IMAGEN-SIN-FONDO-2-500x625.webp 500w, https:\/\/valseg.es\/wp-content\/uploads\/2026\/01\/ALAN-LUCAS-IMAGEN-SIN-FONDO-2-600x750.webp 600w, https:\/\/valseg.es\/wp-content\/uploads\/2026\/01\/ALAN-LUCAS-IMAGEN-SIN-FONDO-2.webp 1080w\" sizes=\"(max-width: 819px) 100vw, 819px\" \/><\/figure>\n<\/div><\/div><\/div>\n<\/div><\/div>\n\n\n\n<div class=\"wp-block-stackable-spacer stk-block-spacer stk--no-padding stk-block stk-59d9e47\" data-block-id=\"59d9e47\"><style>.stk-59d9e47 {height:81px !important;}<\/style><\/div>\n\n\n\n<div class=\"wp-block-stackable-columns stk-block-columns stk-block stk-d199064 stk-block-background\" data-block-id=\"d199064\"><style>.stk-d199064 .stk--block-align-d199064{align-items:center !important;}.stk-d199064 {background-color:var(--theme-palette-color-8, #1f1f1f) !important;border-radius:8px !important;padding-top:0px !important;padding-right:35px !important;padding-bottom:0px !important;padding-left:90px !important;margin-bottom:0px !important;overflow:visible !important;}.stk-d199064:before{background-color:var(--theme-palette-color-8, #1f1f1f) !important;}.stk-d199064 .stk-container{overflow:visible !important;}@media screen and (max-width:999px){.stk-d199064 {padding-right:35px !important;padding-left:35px !important;}}@media screen and (max-width:689px){.stk-d199064-column{row-gap:0px !important;}}<\/style><div class=\"stk-row stk-inner-blocks stk--block-align-d199064 stk-block-content stk-content-align stk-d199064-column\">\n<div class=\"wp-block-stackable-column stk-block-column stk-column stk-block stk-35184c3\" data-v=\"4\" data-block-id=\"35184c3\"><style>.stk-35184c3-container{margin-top:0px !important;margin-right:0px !important;margin-bottom:0px !important;margin-left:0px !important;}.stk-35184c3 {align-self:flex-end !important;padding-top:0px !important;padding-right:0px !important;padding-bottom:0px !important;padding-left:0px !important;margin-top:-100px !important;margin-bottom:0px !important;}.stk-35184c3-inner-blocks{align-items:center !important;justify-content:space-between !important;}@media screen and (max-width:999px){.stk-35184c3 {margin-top:0px !important;}}<\/style><div class=\"stk-column-wrapper stk-block-column__content stk-container stk-35184c3-container stk--no-background stk--no-padding\"><div class=\"stk--column-flex stk-block-content stk-inner-blocks stk-35184c3-inner-blocks\">\n<figure class=\"wp-block-image size-large has-custom-border\" style=\"margin-top:0;margin-right:0;margin-bottom:0;margin-left:0\"><img decoding=\"async\" width=\"819\" height=\"1024\" src=\"https:\/\/valseg.es\/wp-content\/uploads\/2026\/01\/RAUL-ARAIXA-IMAGEN-SIN-FONDO-1-819x1024.webp\" alt=\"\" class=\"wp-image-2137\" style=\"border-style:none;border-width:0px;border-top-left-radius:31px;border-top-right-radius:31px;border-bottom-left-radius:31px;border-bottom-right-radius:31px\" srcset=\"https:\/\/valseg.es\/wp-content\/uploads\/2026\/01\/RAUL-ARAIXA-IMAGEN-SIN-FONDO-1-819x1024.webp 819w, https:\/\/valseg.es\/wp-content\/uploads\/2026\/01\/RAUL-ARAIXA-IMAGEN-SIN-FONDO-1-240x300.webp 240w, https:\/\/valseg.es\/wp-content\/uploads\/2026\/01\/RAUL-ARAIXA-IMAGEN-SIN-FONDO-1-768x960.webp 768w, https:\/\/valseg.es\/wp-content\/uploads\/2026\/01\/RAUL-ARAIXA-IMAGEN-SIN-FONDO-1-500x625.webp 500w, https:\/\/valseg.es\/wp-content\/uploads\/2026\/01\/RAUL-ARAIXA-IMAGEN-SIN-FONDO-1-600x750.webp 600w, https:\/\/valseg.es\/wp-content\/uploads\/2026\/01\/RAUL-ARAIXA-IMAGEN-SIN-FONDO-1.webp 1080w\" sizes=\"(max-width: 819px) 100vw, 819px\" \/><\/figure>\n<\/div><\/div><\/div>\n\n\n\n<div class=\"wp-block-stackable-column stk-block-column stk-column stk-block stk-42106fb\" data-v=\"4\" data-block-id=\"42106fb\"><style>.stk-42106fb-container{margin-top:0px !important;margin-right:0px !important;margin-bottom:0px !important;margin-left:0px !important;}.stk-42106fb {padding-top:60px !important;padding-bottom:60px !important;margin-top:0px !important;margin-right:0px !important;margin-bottom:0px !important;margin-left:0px !important;}@media screen and (max-width:999px){.stk-42106fb {padding-top:35px !important;padding-bottom:35px !important;}}<\/style><div class=\"stk-column-wrapper stk-block-column__content stk-container stk-42106fb-container stk--no-background stk--no-padding\"><div class=\"has-text-align-right has-text-align-center-mobile stk-block-content stk-inner-blocks stk-42106fb-inner-blocks\">\n<div class=\"wp-block-stackable-heading stk-block-heading stk-block-heading--v2 stk-block stk-e5645f4\" id=\"tecnologia-y-seguridad-a-medida\" data-block-id=\"e5645f4\"><style>.stk-e5645f4 {margin-bottom:30px !important;}.stk-e5645f4 .stk-block-heading__text{font-size:var(--stk--preset--font-size--x-large, 50px) !important;color:#26c8ec !important;line-height:1em !important;font-weight:800 !important;}@media screen and (max-width:999px){.stk-e5645f4 .stk-block-heading__text{font-size:30px !important;}}<\/style><h2 class=\"stk-block-heading__text has-text-color\">Tecnologia y seguridad a medida<\/h2><\/div>\n\n\n\n<div class=\"wp-block-stackable-text stk-block-text stk-block stk-593c84b\" data-block-id=\"593c84b\"><style>.stk-593c84b {margin-bottom:35px !important;}.stk-593c84b .stk-block-text__text{color:var(--theme-palette-color-4, #ffffff) !important;}<\/style><p class=\"stk-block-text__text has-text-color has-palette-color-4-color\">En VALSEG Seguridad seleccionamos e instalamos sistemas de seguridad fiables y probados, adaptados a hogares, comercios y empresas de la Comunidad Valenciana. Trabajamos con productos de calidad y servicios profesionales para ofrecer soluciones eficaces, duraderas y pensadas para cada tipo de cliente.<\/p><\/div>\n\n\n\n<p class=\"has-pale-cyan-blue-color has-text-color has-link-color wp-elements-39f2dd610e64dfad1ba06ffafdd8316d\">BIENVENIDO A VALSEG<\/p>\n\n\n\n\n\n<div class=\"wp-block-stackable-button-group stk-block-button-group stk-block stk-fc9232f\" data-block-id=\"fc9232f\"><style>.stk-fc9232f {margin-bottom:0px !important;}@media screen and (max-width:689px){.stk-fc9232f .stk-button-group{align-items:flex-start !important;}.stk-fc9232f {display:flex !important;}}<\/style><div class=\"stk-row stk-inner-blocks has-text-align-center-mobile stk-block-content stk-button-group\">\n<div class=\"wp-block-stackable-button stk-block-button stk-block stk-6ffc761\" data-block-id=\"6ffc761\"><style>.stk-6ffc761 .stk-button{padding-top:2px !important;padding-bottom:1px !important;padding-left:11px !important;background:linear-gradient(-225deg, #473B7B 0%, #3584A7 51%, #30D2BE 100%) !important;border-top-left-radius:8px !important;border-top-right-radius:8px !important;border-bottom-right-radius:8px !important;border-bottom-left-radius:8px !important;}.stk-6ffc761 .stk-button:before{border-color:#1c658a !important;border-top-width:2px !important;border-right-width:2px !important;border-bottom-width:2px !important;border-left-width:2px !important;}.stk-6ffc761 .stk-button .stk--inner-svg svg:last-child{height:44px !important;width:44px !important;}.stk-6ffc761 .stk-button__inner-text{font-size:32px !important;font-weight:bold !important;text-transform:uppercase !important;}@media screen and (max-width:999px){.stk-6ffc761 .stk-button__inner-text{font-size:32px !important;}}@media screen and (max-width:689px){.stk-6ffc761 {max-width:1338px !important;min-width:auto !important;margin-right:auto !important;margin-left:auto !important;opacity:1 !important;}.stk-6ffc761 .stk-button{min-height:0px !important;padding-top:var(--stk--preset--spacing--20, 0.44rem) !important;padding-right:var(--stk--preset--spacing--30, 0.67rem) !important;padding-bottom:var(--stk--preset--spacing--20, 0.44rem) !important;padding-left:var(--stk--preset--spacing--30, 0.67rem) !important;}.stk-6ffc761 .stk-button .stk--inner-svg svg:last-child{height:28px !important;width:28px !important;}.stk-6ffc761 .stk-button__inner-text{font-size:var(--stk--preset--font-size--small, 13px) !important;}}<\/style><a class=\"stk-link stk-button stk--hover-effect-darken\" href=\"https:\/\/wa.me\/message\/OM72VI5AKFIAH1\"><span class=\"stk--svg-wrapper\"><div class=\"stk--inner-svg\"><svg xmlns=\"http:\/\/www.w3.org\/2000\/svg\" viewBox=\"0 0 448 512\" aria-hidden=\"true\" width=\"32\" height=\"32\"><path d=\"M380.9 97.1C339 55.1 283.2 32 223.9 32c-122.4 0-222 99.6-222 222 0 39.1 10.2 77.3 29.6 111L0 480l117.7-30.9c32.4 17.7 68.9 27 106.1 27h.1c122.3 0 224.1-99.6 224.1-222 0-59.3-25.2-115-67.1-157zm-157 341.6c-33.2 0-65.7-8.9-94-25.7l-6.7-4-69.8 18.3L72 359.2l-4.4-7c-18.5-29.4-28.2-63.3-28.2-98.2 0-101.7 82.8-184.5 184.6-184.5 49.3 0 95.6 19.2 130.4 54.1 34.8 34.9 56.2 81.2 56.1 130.5 0 101.8-84.9 184.6-186.6 184.6zm101.2-138.2c-5.5-2.8-32.8-16.2-37.9-18-5.1-1.9-8.8-2.8-12.5 2.8-3.7 5.6-14.3 18-17.6 21.8-3.2 3.7-6.5 4.2-12 1.4-32.6-16.3-54-29.1-75.5-66-5.7-9.8 5.7-9.1 16.3-30.3 1.8-3.7.9-6.9-.5-9.7-1.4-2.8-12.5-30.1-17.1-41.2-4.5-10.8-9.1-9.3-12.5-9.5-3.2-.2-6.9-.2-10.6-.2-3.7 0-9.7 1.4-14.8 6.9-5.1 5.6-19.4 19-19.4 46.3 0 27.3 19.9 53.7 22.6 57.4 2.8 3.7 39.1 59.7 94.8 83.8 35.2 15.2 49 16.5 66.6 13.9 10.7-1.6 32.8-13.4 37.4-26.4 4.6-13 4.6-24.1 3.2-26.4-1.3-2.5-5-3.9-10.5-6.6z\"\/><\/svg><\/div><\/span><span class=\"stk-button__inner-text\">ASES\u00d3RAME<\/span><\/a><\/div>\n<\/div><\/div>\n<\/div><\/div><\/div>\n<\/div><\/div>\n\n\n\n<div class=\"wp-block-stackable-spacer stk-block-spacer stk--no-padding stk-block stk-85ad6c3\" data-block-id=\"85ad6c3\"><\/div>\n","protected":false},"excerpt":{"rendered":"<p>Pellentesque tincidunt tristique neque, eget venenatis enim gravida quis. Fusce at egestas libero. Cras convallis egestas ullamcorper suspens.<\/p>\n","protected":false},"author":1,"featured_media":0,"parent":0,"menu_order":0,"comment_status":"closed","ping_status":"closed","template":"","meta":{"_gspb_post_css":"","footnotes":""},"class_list":["post-768","page","type-page","status-publish","hentry"],"blocksy_meta":{"styles_descriptor":{"styles":{"desktop":"","tablet":"","mobile":""},"google_fonts":[],"version":6}},"_links":{"self":[{"href":"https:\/\/valseg.es\/index.php?rest_route=\/wp\/v2\/pages\/768","targetHints":{"allow":["GET"]}}],"collection":[{"href":"https:\/\/valseg.es\/index.php?rest_route=\/wp\/v2\/pages"}],"about":[{"href":"https:\/\/valseg.es\/index.php?rest_route=\/wp\/v2\/types\/page"}],"author":[{"embeddable":true,"href":"https:\/\/valseg.es\/index.php?rest_route=\/wp\/v2\/users\/1"}],"replies":[{"embeddable":true,"href":"https:\/\/valseg.es\/index.php?rest_route=%2Fwp%2Fv2%2Fcomments&post=768"}],"version-history":[{"count":49,"href":"https:\/\/valseg.es\/index.php?rest_route=\/wp\/v2\/pages\/768\/revisions"}],"predecessor-version":[{"id":2158,"href":"https:\/\/valseg.es\/index.php?rest_route=\/wp\/v2\/pages\/768\/revisions\/2158"}],"wp:attachment":[{"href":"https:\/\/valseg.es\/index.php?rest_route=%2Fwp%2Fv2%2Fmedia&parent=768"}],"curies":[{"name":"wp","href":"https:\/\/api.w.org\/{rel}","templated":true}]}}